
2, 3, 29, 71
List the prime factors of 337747.
67, 71
What are the prime factors of 300101?
17, 127, 139
What are the prime factors of 295610?
2, 5, 7, 41, 103
What are the prime factors of 2409320?
2, 5, 29, 31, 67
List the prime factors of 425077.
71, 5987
What are the prime factors of 246250?
2, 5, 197
List the prime factors of 1476444.
2, 3, 61, 2017
List the prime factors of 1851888.
2, 3, 41, 941
List the prime factors of 759248.
2, 7, 6779
List the prime factors of 231427.
7, 4723
List the prime factors of 6103036.
2, 347, 4397
List the prime factors of 5290602.
2, 3, 47, 73, 257
List the prime factors of 1969776.
2, 3, 13679
What are the prime factors of 174565?
5, 34913
What are the prime factors of 1028658?
2, 3, 173, 991
List the prime factors of 5695285.
5, 641, 1777
List the prime factors of 7622770.
2, 5, 762277
What are the prime factors of 3631094?
2, 1815547
List the prime factors of 319585.
5, 7, 23, 397
List the prime factors of 1593888.
2, 3, 16603
What are the prime factors of 1206080?
2, 5, 3769
List the prime factors of 430097.
47, 9151
List the prime factors of 70347.
3, 131, 179
What are the prime factors of 3121057?
3121057
List the prime factors of 474028.
2, 17, 6971
List the prime factors of 1431834.
2, 3, 238639
List the prime factors of 912084.
2, 3, 17, 263
List the prime factors of 696397.
13, 53569
List the prime factors of 933999.
3, 11, 31, 83
What are the prime factors of 825965?
5, 7, 23599
List the prime factors of 2975040.
2, 3, 5, 1033
List the prime factors of 4586202.
2, 3, 31, 8219
List the prime factors of 233045.
5, 127, 367
What are the prime factors of 7005976?
2, 547, 1601
What are the prime factors of 231149?
17, 13597
List the prime factors of 9767290.
2, 5, 13, 75133
List the prime factors of 387763.
387763
What are the prime factors of 13736037?
3, 7, 23, 28439
List the prime factors of 2666753.
29, 91957
What are the prime factors of 1699183?
211, 8053
What are the prime factors of 9196715?
5, 11, 167213
What are the prime factors of 287935?
5, 57587
List the prime factors of 2933231.
7, 17, 157
What are the prime factors of 1100525?
5, 44021
List the prime factors of 259540.
2, 5, 19, 683
What are the prime factors of 4923453?
3, 947, 1733
List the prime factors of 5911219.
1019, 5801
List the prime factors of 3311533.
839, 3947
What are the prime factors of 7156636?
2, 1789159
List the prime factors of 6664769.
6664769
List the prime factors of 267936.
2, 3, 2791
What are the prime factors of 283699?
13, 139, 157
What are the prime factors of 7075960?
2, 5, 176899
List the prime factors of 323972.
2, 11, 37, 199
What are the prime factors of 6595693?
13, 507361
List the prime factors of 236557.
229, 1033
What are the prime factors of 1777050?
2, 3, 5, 11, 359
What are the prime factors of 5301483?
3, 11, 160651
List the prime factors of 62859.
3, 23, 911
List the prime factors of 287952.
2, 3, 7, 857
What are the prime factors of 8300952?
2, 3, 11, 47, 223
What are the prime factors of 146907?
3, 5441
List the prime factors of 24271277.
24271277
What are the prime factors of 8619585?
3, 5, 13, 44203
List the prime factors of 2230926.
2, 3, 43, 8647
What are the prime factors of 1753473?
3, 373, 1567
What are the prime factors of 507305?
5, 241, 421
List the prime factors of 461030.
2, 5, 46103
List the prime factors of 213793.
439, 487
What are the prime factors of 7835103?
3, 290189
What are the prime factors of 154876?
2, 31, 1249
What are the prime factors of 36230?
2, 5, 3623
List the prime factors of 703767.
3, 234589
List the prime factors of 1538905.
5, 19, 97, 167
List the prime factors of 129123.
3, 14347
List the prime factors of 8727207.
3, 677, 4297
List the prime factors of 234485.
5, 23, 2039
List the prime factors of 3902203.
23, 169661
What are the prime factors of 633130?
2, 5, 63313
What are the prime factors of 7274562?
2, 3, 1212427
List the prime factors of 8537461.
433, 19717
What are the prime factors of 707292?
2, 3, 37, 59
List the prime factors of 8189820.
2, 3, 5, 173, 263
What are the prime factors of 497932?
2, 281, 443
What are the prime factors of 40890?
2, 3, 5, 29, 47
List the prime factors of 490821.
3, 47, 59
What are the prime factors of 708690?
2, 3, 5, 23623
List the prime factors of 1686431.
31, 54401
What are the prime factors of 4633528?
2, 107, 5413
List the prime factors of 6376365.
3, 5, 141697
List the prime factors of 222424.
2, 27803
List the prime factors of 7938634.
2, 11, 23, 29, 541
What are the prime factors of 2510877?
3, 131, 6389
What are the prime factors of 728480?
2, 5, 29, 157
What are the prime factors of 270091?
163, 1657
What are the prime factors of 207517?
207517
List the prime factors of 32308726.
2, 29, 277, 2011
What are the prime factors of 2132172?
2, 3, 7, 8461
List the prime factors of 256501.
7, 36643
What are the prime factors of 5927814?
2, 3, 509, 647
List the prime factors of 269878.
2, 7, 37, 521
List the prime factors of 2690975.
5, 7, 15377
What are the prime factors of 11368643?
11, 13, 107, 743
List the prime factors of 481821.
3, 19, 79, 107
List the prime factors of 2028958.
2, 859, 1181
List the prime factors of 915600.
2, 3, 5, 7, 109
What are the prime factors of 196123?
43, 4561
What are the prime factors of 86919?
3, 7, 4139
What are the prime factors of 985798?
2, 11, 44809
What are the prime factors of 581313?
3, 193771
What are the prime factors of 2562639?
3, 854213
What are the prime factors of 2007956?
2, 607, 827
What are the prime factors of 4040743?
7, 577249
List the prime factors of 1830275.
5, 179, 409
What are the prime factors of 974724?
2, 3, 43, 1889
List the prime factors of 235806.
2, 3, 39301
List the prime factors of 6721351.
7, 13, 233, 317
List the prime factors of 46481.
53, 877
List the prime factors of 9897848.
2, 1237231
What are the prime factors of 20522423?
20522423
What are the prime factors of 2150846?
2, 53, 103, 197
What are the prime factors of 478691?
173, 2767
What are the prime factors of 9311371?
9311371
What are the prime factors of 934843?
7, 13, 10273
List the prime factors of 21961995.
3, 5, 11, 133103
List the prime factors of 10309159.
7, 210391
What are the prime factors of 4151853?
3, 461317
What are the prime factors of 673218?
2, 3, 7, 13, 137
What are the prime factors of 382255?
5, 89, 859
What are the prime factors of 4203419?
11, 34739
List the prime factors of 202257.
3, 11, 227
List the prime factors of 102170.
2, 5, 17, 601
What are the prime factors of 42767?
42767
What are the prime factors of 321842?
2, 29, 31, 179
What are the prime factors of 112168?
2, 7, 2003
What are the prime factors of 4461103?
23, 73, 2657
What are the prime factors of 936140?
2, 5, 46807
What are the prime factors of 2322924?
2, 3, 193577
List the prime factors of 136163.
136163
List the prime factors of 64667.
64667
List the prime factors of 1675045.
5, 335009
What are the prime factors of 3371910?
2, 3, 5, 112397
What are the prime factors of 12320?
2, 5, 7, 11
What are the prime factors of 1164164?
2, 291041
What are the prime factors of 38229931?
97, 394123
What are the prime factors of 117222?
2, 3, 7, 2791
List the prime factors of 7241770.
2, 5, 653, 1109
List the prime factors of 10139.
10139
What are the prime factors of 681657?
3, 227219
List the prime factors of 539513.
13, 47, 883
What are the prime factors of 5710729?
5710729
List the prime factors of 284785.
5, 56957
What are the prime factors of 412963?
503, 821
What are the prime factors of 896721?
3, 7, 42701
List the prime factors of 158437.
47, 3371
List the prime factors of 651039.
3, 41, 67, 79
List the prime factors of 4502535.
3, 5, 17, 17657
List the prime factors of 51219.
3, 7, 271
What are the prime factors of 546365?
5, 23, 4751
List the prime factors of 34065954.
2, 3, 13, 48527
List the prime factors of 1638293.
607, 2699
List the prime factors of 2429157.
3, 809719
What are the prime factors of 2083181?
47, 127, 349
List the prime factors of 1065042.
2, 3, 11, 163
What are the prime factors of 4845933?
3, 179479
What are the prime factors of 463215?
3, 5, 30881
List the prime factors of 8680666.
2, 61, 71153
What are the prime factors of 6556783?
6556783
List the prime factors of 115